 2*k. Calculate o(-6).
-6
Suppose 3*x + 5*o - 2*o - 24 = 0, -x = -o. Let a(s) = 6*s - 4*s - x + 4*s - 5*s. What is a(-4)?
-8
Let m(l) = 3*l**3 + l**2 - 3*l - 1. Let x(v) = v**2 + 26*v + 39. Let f be x(-26). Let w = -41 + f. Give m(w).
-15
Let g(n) = -9 + 4*n - 3*n + 5. Let r be g(6). Let o be (-24)/(-4) + r + -2. Let u(m) = m**3 - 7*m**2 + 4*m + 8. Calculate u(o).
-4
Let a(t) = 2*t**2 + 11*t + 6. Let o be a(-8). Let x = o - 39. Let b(i) = i**3 - 6*i**2 - 8*i + 1. Give b(x).
-6
Let u(f) = -43*f**3 - 11*f**2 + 2*f. Let h = -1 - -3. Let k(w) = w**2 + 2*w**2 + 2*w**h - w + 21*w**3. Let j(o) = 13*k(o) + 6*u(o). What is j(-1)?
-15
Suppose -w - 2*w - 21 = 0. Suppose 6 + 9 = 5*o. Let d(l) = 416 - 6*l - 420 + 6*l**2 - 2*l**3 + o*l**3. Give d(w).
-11
Let g(r) = -r**2 - 7*r - 2. Let z be g(-6). Suppose -z = 2*q - 6. Let p(h) = 2*h - 7*h - 3 + 5*h**2 - q - 4*h**2. Give p(5).
-4
Suppose -d = -4*m - 10, -4*m + 8*d = 6*d + 8. Let z be (-140)/(-30) - m/9. Let t(b) = -1 + b**2 + 2*b - 4*b - 6. Determine t(z).
8
Let m(b) = 2*b - 13. Let w be m(8). Suppose -12 + 30 = -w*k. Let n(y) = 3*y + 2. Give n(k).
-16
Let t(o) be the third derivative of 0 + 1/6*o**3 + 0*o - 31*o**2 + 3/4*o**4. Calculate t(1).
19
Let y(a) = 3*a**2 - 4*a + 1. Let m(n) = -6*n**2 + 8*n - 2. Let s be ((-18)/4)/((-3)/(-6)). Let x(q) = s*y(q) - 4*m(q). Determine x(3).
-16
Let s be (-8)/4 + 4/1. Suppose 2*x - 8 = -s. Let z be 5/x - 8/12. Let w(a) = -14*a**3 + a**2 - 1. Give w(z).
-14
Let m(c) be the third derivative of c**5/60 + c**4/6 - c**3 + 8*c**2 + 4. Calculate m(-6).
6
Let l = 5 - 3. Let v(h) = -1 + 2 + l*h + 0. Suppose 80*g - 98*g + 18 = 0. What is v(g)?
3
Let f(w) = 55*w - 8 - 56*w + 4. Calculate f(-6).
2
Suppose -3*p = -2*p - 4*m - 15, 3*p = m + 12. Let k(n) = 10*n**3 + n - 3*n**2 + p*n + 0*n**2 - 11*n**3. What is k(-3)?
-12
Let a be -4 + (-5)/(5/(-37)). Suppose 4*x = a - 9. Let z(n) = -n - 2. Determine z(x).
-8
Let r(n) = n**2 - 7*n. Let p(o) = 2*o + 9. Let t be p(-3). Suppose 13*j = t*j + 70. Determine r(j).
0
Let c be ((-3)/(-3*1))/(23 + -24). Let w(k) = 47*k**3 - 2*k**2 + 1. Calculate w(c).
-48
Let b(x) be the third derivative of 0*x - 1/6*x**3 - 1/12*x**6 + 0*x**5 + 30*x**2 + 0 - 1/12*x**4. What is b(-1)?
11
Let s(g) = 3 - 4 + 1 - 56*g + 18*g - 1. Determine s(1).
-39
Suppose -6*s + 16 = 64. Let a(z) = -2*z - 2. What is a(s)?
14
Let w = -13 + 16. Suppose -3*j - 2*h = -4*j - 12, -w*j = -2*h + 20. Let r(t) = -t**2 - 7*t - 5. Calculate r(j).
7
Let s(m) be the second derivative of -9*m - 1/2*m**3 - 1/20*m**5 - 3/2*m**2 + 0 + 5/12*m**4. Let d be (-1)/2*-2 + 2. What is s(d)?
6
Suppose 5*n + 0*n + 5*p - 40 = 0, -2*p = n - 10. Let u(b) = 5*b + 3. Let g(q) = -4*q - 4. Let y(o) = n*g(o) + 7*u(o). Calculate y(2).
19
Let t(y) be the second derivative of -y**5/20 + 5*y**4/12 + y**3/3 + 3*y**2/2 + 65*y - 1. Give t(4).
27
Let s(n) = n**2 - 5*n - 10. Let t be (2/28*-8)/(2/(-28)). Give s(t).
14
Let y(l) = -802*l**3 + 400*l**3 + 409*l**3 + l**2 - 2*l. What is y(1)?
6
Let p(d) = -d**3 - 3*d**2 - 4*d - 2. Let o be (2 - (-3)/(-2))*33*2. Suppose o*t - 36*t - 9 = 0. What is p(t)?
10
Let k be ((-36)/63)/(4/(-14)). Let l(i) = 179 - 185 + k*i - 5*i. Let s be -4 + -2*(-1 + 2). What is l(s)?
12
Let m(v) = -v**2 + 8*v + 6. Suppose 0 = -2*n - 0*n - 4*b + 20, 3*n - 40 = 4*b. Determine m(n).
-42
Suppose 17*q - 42 = -5*r + 21*q, -2*q = 2*r - 6. Let m(x) = -x**3 + 5*x**2 + 7*x - 1. What is m(r)?
5
Let x(f) = -15*f - 1. Suppose 9 = 4*n + 5*h, 0 = 13*n - 15*n + 5*h - 3. Give x(n).
-16
Let k(t) = -8*t**2 + t + 1. Suppose -3*f = 9, 0 = -5*u + 5*f - 24 + 34. Determine k(u).
-8
Let a(q) be the second derivative of -13*q + 0 + 1/20*q**5 + 1/2*q**4 + 1/6*q**3 + q**2. Calculate a(-6).
-4
Let m(k) = -k + 7. Let l = 61 - 53. Suppose -2*r + 4*w + 24 = 0, 3*w + w = -l. Determine m(r).
-1
Let a(w) = -w**2 + 2*w. Let x(o) = o**2 + 6*o. Suppose 2*j + 2 = -10. Let l be x(j). Suppose -2*q + 1 + 9 = l. Calculate a(q).
-15
Let x(r) = -r**2 - 7*r - 6. Let g be (8/(-28))/1 + 16/7. Let k(t) = -t - 1. Let a be k(-5). Suppose 22 = -a*f - g. What is x(f)?
0
Let z(p) = -5*p**2 + p. Let g(j) = j**2 + 1. Let a(h) = -g(h) - z(h). Suppose 10*b - 6*b = m - 19, 5*m + 5*b = -30. Calculate a(m).
4
Let t(u) = -2*u**2 - u - 2. Let s(w) = 6*w - 2. Let b(o) = 7*o - 2. Let v(g) = -4*b(g) + 5*s(g). Let a be v(2). What is t(a)?
-12
Let d be (-1)/(((-2)/1)/(-4)). Let p(o) = o**2 - 5*o - 2. Let a be p(-1). Let t(x) = -a*x**2 - 1 - 13*x - 2 + 4*x + 5*x. Give t(d).
-11
Let t(y) = -31*y + 54*y - 4 - 24*y. Give t(-5).
1
Let l be 7/3 - (-2)/3. Let w(i) = -31*i**2 - 12*i + 34. Let p(j) = 11*j**2 + 4*j - 12. Let u(g) = 17*p(g) + 6*w(g). Calculate u(l).
-3
Let g(t) = 5*t + 3. Let w(h) = -h**3 - 5*h**2 - 12*h - 20. Let a be w(-3). Determine g(a).
-7
Let i(a) = 2*a + 3. Let b be 8/(-2)*((-58)/4 - -1). Let v = b - 57. Give i(v).
-3
Let n = 26 + -19. Let g = n + -5. Let u(b) = -13*b**2 + 7. Let k(x) = 7*x**2 - 4. Let s(q) = -5*k(q) - 3*u(q). Determine s(g).
15
Let j(f) = f**2 - 11*f - 6. Let i(s) = -s**2 + 13*s + 7. Let n(k) = -2*i(k) - 3*j(k). Determine n(7).
4
Suppose -p = -f + 2*p - 7, -8 = -2*f - 5*p. Let d(z) = 15*z + 2. What is d(f)?
-13
Let m(w) be the first derivative of 3*w**2/2 - 7*w - 312. Calculate m(8).
17
Let m(q) = 18*q + 1 + 14*q - 31*q. Suppose 0 = 5*o + 2*f + 15, -12 = -3*o - 5*f - 2. What is m(o)?
-4
Let u(a) = a**2 - 7*a + 7. Let p(c) = 4*c + 30. Let m be p(-6). Calculate u(m).
1
Let r(b) = -3*b + 5*b - 2*b + 4 + 3*b. Give r(9).
31
Let z(s) be the third derivative of -s**6/120 - s**5/12 + s**4/8 + s**3/3 + 48*s**2. Give z(-6).
20
Let o = 23 - 0. Suppose -4*p = 5*g - o, -5*g = -5*p - g - 2. Let s(d) be the second derivative of -d**4/6 + d**3/2 - d**2 - 3*d. Determine s(p).
-4
Let r = 9 - 4. Let l be 9/12*(-6)/(-9)*6. Let d(x) = x**3 - 3 + l*x - r*x + x**2 + 3*x**2. Determine d(-4).
5
Let v be 24/(-84)*(-21)/6. Let m(z) = -4*z**2 + 2*z - 1. Determine m(v).
-3
Let x(q) = 17*q - 11*q + q**3 - 5*q**2 + 0*q**3 - 2*q**3 - 2 + 0*q**2. What is x(-5)?
-32
Let f(d) = 5*d - 2. Let q(z) = -2 - 9*z - 3 + 6 + 4. Let o(j) = -5*j. Let p be o(1). Let h(v) = p*f(v) - 3*q(v). Give h(6).
7
Let v(p) be the first derivative of -2*p**3 + 3 - 7/2*p**2 - 1/4*p**4 - 5*p. Let t = -17 - -12. Calculate v(t).
5
Let o(s) = -s**3 + 5*s**2 + 7*s - 9. Suppose -2*c = -5*j + 16, 0 = 2*c + 4 - 8. Let r(p) = -p**2 + p + 18. Let b be r(j). Give o(b).
-3
Let t be 2/20 + -7*(-76)/280. Let v(h) be the first derivative of h**2 - 2*h + 1. Calculate v(t).
2
Suppose 4*d + 2 = 6*d. Let y = d + 1. Let i(r) = 3*r + y - 3*r + 2*r - 1. What is i(-3)?
-5
Let a(b) = -b + 8. Let r(m) = 5*m - 40. Let p(k) = 11*a(k) + 2*r(k). Let t be (-1)/(-6) - 1855/(-318). Calculate p(t).
2
Suppose 5*a = 3*d - 41, d = -2*a - 2 + 1. Let i(z) = 7*z**2 + 17*z - 14. Let q(g) = 10*g**2 + 25*g - 21. Let h(n) = d*i(n) - 5*q(n). Give h(-8).
-9
Let q = 245 + -239. Let z(w) = -5*w + 2. Determine z(q).
-28
Let m(r) = -18*r**3 - r**2 - r. Let o be (-2)/(16 - -2) + (-96)/108. Determine m(o).
18
Let x(u) = -2*u + 19. Suppose -70*m + 64 = -62*m. Give x(m).
3
Let w(l) = 2*l - 39. Suppose -792*z + 781*z + 253 = 0. Determine w(z).
7
Let q(j) = 339 - 332 - 12*j + 12*j + j**2. Give q(0).
7
Let n(j) = -j**3 + 5*j**2 + 6*j + 3. Let r = 21 + -21. Suppose f = -r*f - 23. Let i = 29 + f. Determine n(i).
3
Suppose 4*o = 2*u - 6, -5*u + 112*o - 50 = 115*o. Let a(n) = n**2 + 6*n - 7. Give a(u).
0
Suppose -301*t + 2 = -303*t. Let o(x) = 13*x**3 - x**2 - x. Determine o(t).
-13
Let j(q) = -10*q**2 - 1. Let h(t) = t**2 - 1 + 0 - 4*t + 0 + t. Let f be h(-3). Suppose -3*k + f + 2 = 4*m, 4*m - 3*k + 11 = 0. What is j(m)?
-11
Let i be (-2)/(-4) - (-5)/2. Let v(q) = -8*q + q**3 - q**i + 4*q - q**3 + 5*q**2 + 3. Let a = 13 - 9. Determine v(a).
3
Let p(v) = 10*v**2 + v**3 + 8*v**2 + 15*v - 9*v**2 + 5*v**2 + 22. Let j be p(-13). Let k(u) = -u**3 - 5*u**2 - 5*u - 6. Determine k(j).
-2
Let x(g) = 30*g**3 - 14*g**2 - 18*g + 3. Let j(t) = -13*t**3 + 7*t**2 + 9*t - 1. Let b(n) = -7*j(n) - 3*x(n). What is b(8)?
-10
Suppose n - 6 = -n. Let g(c) = 2*c - n + 2*c**2 - 3*c + 4*c. Let y be (-1 - -7) + (0 - (6 + -2)). Calculate g(y).
11
Let y(p) be the second derivative of p**4/12 + p**3/6 - 13*p**2/2 + 4*p. Suppose 0 = 2*w + 3*w. Let o be w*1*(0 - -1). Determine y(o).
-